. What is the tens digit of l(r)?
7
Suppose -12*m - 27858 + 43330 = -51680. What is the tens digit of m?
9
Let s(h) = 33*h**2 - 6*h + 43*h**2 + 16 - 72*h**2 + 6. Let n(m) = m**2 - 7*m - 35. Let d be n(11). What is the hundreds digit of s(d)?
2
Let t(s) = -s**3 + 21*s**2 + 3*s - 50. Let o be t(21). Suppose -11*u = -o*u, 0 = 2*y + 4*u - 188. What is the units digit of y?
4
Suppose -4*q + 3*m + 4924 = 0, 4*q - 2*m - 4916 = 3*m. Suppose -1151 = -9*t + q. What is the hundreds digit of t?
2
What is the units digit of 2303 - (13 - (13 - 12))?
1
Suppose 5*t = 2*h - 2, t + 6*h - 9*h + 3 = 0. Suppose t = 4*c + 3*m - 94, 0 = 2*c + 2*m - 60 + 12. Suppose 9*n + 2249 = c*n. What is the tens digit of n?
7
Suppose 67394 = 2*l - 4*r, 0 = -4*l - 192*r + 190*r + 134788. What is the thousands digit of l?
3
Suppose -5*b - 18 + 3 = 0. What is the tens digit of 26 - (-1 - 6 - b)?
3
Suppose 853 + 447 = 26*z. Suppose -z*c + 45*c = -4*i + 415, 0 = 4*i + c - 445. What is the hundreds digit of i?
1
Suppose 6288 = 15*l + 1053. Suppose -5*g = t - 4*t + 491, -2*t + l = g. What is the units digit of t?
2
Let u be 0 + 30/6 - 888. Let a = -461 - u. What is the units digit of a?
2
Let k(b) = -b**2 + 27*b + 32. Suppose 15 = o - 4. What is the hundreds digit of k(o)?
1
Suppose 15*z = -190988 + 625058. What is the hundreds digit of z?
9
Let p = 30867 + -12291. What is the ten thousands digit of p?
1
Let i(f) = -3*f - 102. Let s be i(-34). Let g = 869 - 293. Suppose s = 11*r - 8*r - g. What is the hundreds digit of r?
1
Suppose 0 = 10*c - 44039 - 27331. What is the hundreds digit of 1*c/18 + 6/4?
3
Let o(k) = 3*k**2 - 10*k + 3. Let l(s) be the third derivative of s**4/12 + 20*s**3/3 - 26*s**2. Let u be l(-16). What is the hundreds digit of o(u)?
1
Suppose 3*c - 9*v = -13*v + 23375, 0 = -3*c + 3*v + 23340. What is the tens digit of c?
8
Let l(t) = 2*t**2 - 41*t + 20. Let r be l(20). Suppose 0 = 3*a - 6, r*a - 13 = -j + 2*a. Suppose j = -o + 146. What is the units digit of o?
9
Suppose 65550 = 5*a + 289*l - 293*l, 4*l = -a + 13110. What is the units digit of a?
0
Let z(b) = 2*b**2 + 36*b - 13. Let s be z(-18). Let l(j) = 2*j + 31. Let i be l(s). Suppose -u = i*u - 810. What is the tens digit of u?
3
Let m = 144022 + -102158. What is the units digit of m?
4
Suppose 123*f - 3837845 = 896302. What is the thousands digit of f?
8
Let b(a) = a + 12. Let h be b(-9). Suppose 3*r - 8*i - 14 = -h*i, 3*r + 4*i - 5 = 0. What is the hundreds digit of r/(3/250) - 2?
2
Suppose -4*p + 16 = 4*p. Let w be 286/(-1 + (-4)/p - -5). Suppose -16*b + 17*b = w. What is the hundreds digit of b?
1
Let o be (-248)/(-1) + 30 + -26. Let d = o + 712. What is the hundreds digit of d?
9
Let b(k) = -10*k**3 - 58*k**2 - 11*k + 60. Let v(z) = -28*z**3 - 175*z**2 - 33*z + 181. Let j(t) = 11*b(t) - 4*v(t). What is the units digit of j(-30)?
6
Let x(m) = 10 + 65*m + 69*m - 197*m + 64*m. Suppose -7*v = -2*v - 60. What is the units digit of x(v)?
2
Suppose 0 = 4*a - 4*f - 74476, 6*a - 5*a - 3*f = 18615. What is the ten thousands digit of a?
1
Let j(s) be the first derivative of -23*s**2/2 - 139*s + 44. What is the hundreds digit of j(-17)?
2
Suppose -7*q + 3319 - 3305 = 0. Suppose 2 = -q*t, -9*t - 5785 = -5*b - 4*t. What is the tens digit of b?
5
Let x(n) = -4000*n + 3877. What is the thousands digit of x(-18)?
5
Let p(u) = -3*u - 6. Let q be p(-4). Let w(r) = -r**2 + 8*r - 14. Let v be w(q). What is the tens digit of 290/4 + (-1)/v?
7
Let v(r) be the first derivative of r**4 + r**2/2 - 2*r + 13. Let f be v(1). Suppose f*x - 230 = -2*x. What is the tens digit of x?
4
Let l(m) = 11*m**3 + 4*m**2 - 312*m + 5244. What is the hundreds digit of l(16)?
3
Let u(b) = -b + 6 + 7*b - 17 + 20. Let p be u(6). Let g = -7 + p. What is the tens digit of g?
3
Let b(w) = -w**3 - 2*w**2 - 6*w - 8. Let k be b(-2). Suppose 4*h + s - 470 = 0, k*h - 7*h - 2*s = -355. What is the hundreds digit of h?
1
Let x(y) = 557*y - 17415. What is the tens digit of x(97)?
1
Let y be (-220)/(-80)*(3 - -1). Suppose 32*x - 13373 = -y*x. What is the units digit of x?
1
Suppose -l + 52393 = -17893 - 5254. What is the ten thousands digit of l?
7
Let g(o) = -2*o**3 + 109*o**2 - 9*o + 301. What is the tens digit of g(52)?
5
Let v = -89 - -89. Suppose v = -5*r + 10, -2*g + r + 218 = 2*r. What is the units digit of g?
8
Suppose 3*u - 84651 = -3*w, -84669 = 22*u - 25*u + 3*w. What is the ten thousands digit of u?
2
Let h be 60/8*(-6)/(-5). Let k be 1/(-3) + 2044/21 + 1. Suppose -7*a - k = -h*a. What is the units digit of a?
9
Suppose -3*g = 321*n - 318*n + 348, 3*n + 366 = 3*g. Suppose -5*h + 2*v = -0*v - 1164, 5*h - v = 1167. Let p = n + h. What is the tens digit of p?
1
Let z = 75674 + -19646. What is the tens digit of z?
2
Let w = 42938 + -7333. What is the units digit of w?
5
What is the tens digit of -14 + 32 + (26939 - -6)?
6
Suppose -6*d = -3*d + 3*m - 69, 2*m - 82 = -4*d. Suppose -2 = 5*n + d. What is the tens digit of -404*2/n - (3 - 6)?
0
Suppose 6*q - 135 - 369 = 0. What is the tens digit of (12915/q)/(1/4)?
1
Suppose 15 = 3*d - s + 4*s, -4*d + 17 = 3*s. Suppose b = -4*b + 5*t + 1580, -b = d*t - 304. Suppose -17*m = -15*m - b. What is the tens digit of m?
5
Let u(l) = -l**3 + 22*l**2 - 37*l + 56. Let h be u(16). Suppose -4*b = 4*n - 7*n - 2055, -2*b - 4*n = -h. What is the units digit of b?
0
Let u(x) = 2*x**2 + 5*x - 13. Suppose -2*n + 5*n = 2*h + 15, -5*n - 4*h = -3. What is the tens digit of u(n)?
2
Let l(z) = -3493*z - 1749. What is the tens digit of l(-9)?
8
Suppose 6182 + 6054 = 7*g. Suppose 0 = -5*v + g + 1627. What is the units digit of v?
5
Let r be (-1)/4*(-11 + 9)*0. Suppose -9*g + 2574 = -r*g. What is the tens digit of g?
8
Let l = -211 - -398. Let c = 125 - l. Let z = c - -80. What is the tens digit of z?
1
Suppose 3*i + 4*b - 20 = 0, 3*b - 8 = -b. Suppose -i*c + 86 = -414. Suppose -c = -w + r, -4*r = w - 4*w + 377. What is the units digit of w?
3
Suppose 0 = -193*i + 191*i + 22. Suppose 7*l + i*l = 2880. What is the hundreds digit of l?
1
Suppose 81*d + 1765402 - 8526472 = 0. What is the tens digit of d?
7
Let g(o) = -20*o + 10. Let f be g(0). Suppose -5*x + 630 = 4*b, -x + 5*b = f*b - 147. What is the hundreds digit of x?
1
Let m = -841 - -435. Let a = m - -579. What is the tens digit of a?
7
Suppose 15 = 2*l + 3*l. Let z be ((3 - 3) + 1)*l. Suppose -2*u - 271 = -z*f - 7*u, -5*f = 3*u - 441. What is the units digit of f?
7
Let v be (-4 - -7)*2 + 2. Suppose v*c - 3431 = 5889. What is the hundreds digit of c?
1
Let b(u) = 3*u**2 - 27*u. Let v be b(14). Let k be ((-236)/2)/((-2)/5). Let s = k - v. What is the tens digit of s?
8
Let y = 4504 - 4619. Let g(u) = 3*u**3 + 2*u**2 - 2*u + 3. Let d be g(4). Let h = y + d. What is the units digit of h?
4
Let q = -242 - -255. Suppose 12*n = q*n - 228. What is the hundreds digit of n?
2
Suppose 2*g + 4*f = 227 + 123, 5*g = -3*f + 882. What is the units digit of g?
7
Suppose -8*c + 9*c = 3. Suppose 0 = c*i + 3*z + 93, i - 4*z + 17 = -24. Let m = i - -50. What is the units digit of m?
7
Let t(r) = 47*r**2 + 12*r + 2. Let f(u) = -46*u**2 - 11*u - 2. Let j(v) = 5*f(v) + 4*t(v). Let q be j(-5). What is the units digit of q/(-18) - (-1)/(-2)?
6
Let x be (-9292)/18 - -2*6/54. What is the hundreds digit of (x/10)/((-150)/1000)?
3
Let y = 36037 + -14813. What is the tens digit of y?
2
Let d = 309 - -3748. What is the units digit of d?
7
Suppose -3*s = -5*l + 5072 + 9044, -4*l - s + 11303 = 0. What is the units digit of l?
5
Let d(r) = -29152*r + 836. What is the ten thousands digit of d(-2)?
5
Let f(v) be the first derivative of -v**4/4 - 16*v**3/3 + 34*v**2 + 6*v - 49. What is the hundreds digit of f(-20)?
2
Let y(l) = -2*l + 22. Let d be y(10). Let r be (d/(-4))/((-12)/(-144)). Let j = r - -16. What is the tens digit of j?
1
What is the hundreds digit of (-10 - -2) + -1023*1284/(-36)?
4
Let c(k) = -5*k + 5 + 17*k - 2 + 2*k**2. Let i be c(-6). Suppose 0 = i*l - 4*l + 128. What is the tens digit of l?
2
Let b(g) = -3*g - 2. Let a be b(-2). Suppose -m + 438 = -2*p - 174, -a*p = 4*m - 2472. What is the tens digit of m?
1
Let r be (2/(-10))/(1/(-5)). Let z be r*25/(-15)*-3. Suppose -317 = -4*l + z*o, -l + o + 103 - 24 = 0. What is the units digit of l?
8
Suppose -6205 = -m + 4*w, 30*w - 26*w = 4*m - 24868. What i